)/(-1) + 49 - -2. Calculate the highest common divisor of p and g.
26
Suppose 12*q - 2230 = 4142. What is the greatest common divisor of 413 and q?
59
Let q = 33 + -29. Suppose -4*u + 11 + 49 = -q*t, u - 27 = -3*t. Calculate the greatest common factor of 2 and u.
2
Let p be 1446/(2805/(-135) + 21). What is the greatest common factor of 1928 and p?
241
Let o be 15948/14 + 285/(-1995). What is the greatest common factor of 268 and o?
67
Let r be (-7 + 40/5)*(2 + 0). Suppose -2*k - 6 = 0, 3*k - 1163 = -6*x + r*x. Suppose 0 = -11*c - x + 1228. What is the greatest common factor of c and 34?
17
Let t(g) = -3*g**2 - 20*g + 4. Let f be t(-4). What is the greatest common divisor of f and 192?
12
Let d(k) = 3 + 3*k**3 + 2*k**2 - 2*k - 2 + 0*k**2. Let a be d(1). Suppose x - 1 = 3*j + 4, -1 = -3*x - 5*j. Calculate the greatest common divisor of a and x.
2
Let k(b) = 37*b - 1513. Let a be k(45). Calculate the greatest common divisor of 24 and a.
8
Let x(z) = 6*z**2 - 46*z + 364. Let a be x(8). What is the greatest common divisor of 133 and a?
19
Let q(j) = -j**3 + 3*j**2 + j + 6. Let x be q(-2). Suppose -3*t - 5*z = -t - 410, -4*z - 592 = -3*t. Calculate the highest common divisor of x and t.
8
Suppose 0 = 7*u - 24 - 25. Calculate the greatest common divisor of u and 259.
7
Suppose 4*v - 53 - 115 = 0. Let d(m) = 2*m**2 + 115*m + 1062. Let w be d(-9). What is the greatest common factor of v and w?
21
Let s be ((-2360)/5)/((-4 + 3)*2). Let b = -226 + s. Let w be 1/(-2)*(-6 - 154). Calculate the greatest common divisor of w and b.
10
Suppose -364560 = 2182*u - 2275*u. What is the greatest common divisor of u and 315?
35
Let q = -3 - -7. Suppose 194 = -178*l + 275*l. What is the greatest common divisor of q and l?
2
Suppose -38*x + 41*x + 2*w = 496, 3*x = 4*w + 484. What is the greatest common divisor of x and 15826?
82
Let x be ((-6)/4 - 15/70)*(20 + -566). What is the greatest common divisor of x and 10062?
234
Suppose -36*s = -32*s - 3420. Suppose s = 24*d - 2601. What is the highest common divisor of d and 9?
9
Suppose -5*v + 95 = 65, -k + 2667 = 5*v. Calculate the greatest common factor of 9 and k.
9
Suppose 3*v - 86 + 14 = 0. Suppose i + 97*k = 95*k + 18, 5*k = 0. Let b = v - i. What is the highest common factor of b and 54?
6
Let o be 1/(-6) - (5047/(-42) - 10). What is the greatest common factor of o and 6695?
65
Let c be (24/10)/((-2418)/110 - -22). Calculate the greatest common divisor of 15444 and c.
132
Suppose -8 = 65*o - 63*o - 3*k, -5*k = -2*o. Let j(v) = 2*v**2 + 3*v - 127. Let t be j(o). What is the greatest common divisor of 86 and t?
43
Suppose 6 = -s + 14. Let g(z) = 2*z - 11. Let w be g(s). Let m be (5/w)/((2 + -1)/2). What is the highest common divisor of m and 2?
2
Suppose 0 = -3987*q + 3960*q + 1134. Calculate the greatest common factor of 1 and q.
1
Suppose 2*s - 580 = -5*y, -4*y - 857 = -3*s - 5*y. Calculate the highest common divisor of s and 120.
15
Let g(n) = 3*n**2 + 42*n - 205. Let b be g(6). What is the highest common factor of b and 3565?
155
Let a be 300 + (72/6 - 6). Let w = a - 152. What is the greatest common factor of w and 44?
22
Let m be 93/(-27)*-6*3. Suppose -q + 70 = -5*g, -190 = -4*q + g + 185. Let f = -64 + q. Calculate the greatest common divisor of m and f.
31
Let b(w) = 148*w + 1811. Let g be b(29). What is the greatest common divisor of 17 and g?
17
Suppose -5*u = 97*u - 84048. What is the highest common divisor of 40 and u?
8
Let t(a) = -49*a + 161. Let r be t(3). Let s be 8/(-7*r/(-7007)). Calculate the highest common factor of 52 and s.
52
Suppose 0 = -4*y + 4*i - 36, y + 2*i + 18 = -3*y. Let d = 155 - y. Calculate the highest common factor of 21 and d.
7
Let f be 6/5*((-1 - -3) + 429/78). What is the greatest common factor of 2301 and f?
3
Suppose 2*p = -3*l + 278, -242*l + 239*l - 112 = -p. What is the greatest common factor of 6890 and p?
130
Suppose -t + 4*t - 60 = 0. Let v = 260 + -256. Suppose 0*h + 4*h = -3*w + 215, v*h = 3*w + 185. Calculate the highest common factor of t and h.
10
Let r(n) = 83*n - 325. Let j be r(4). Let h be ((-112)/(-10))/((-2)/(-10)). Calculate the highest common divisor of j and h.
7
Let o(n) = 9*n**3 + n**2 - 9*n - 9. Let c be o(-3). Let v = -200 - c. Calculate the greatest common divisor of v and 208.
16
Suppose 0*q + 54 = -2*q. Let y = q + 41. Let m = 10 + 4. What is the highest common factor of m and y?
14
Suppose -2*i = 69 - 187. Let b = 116 - i. What is the highest common factor of b and 3?
3
Let f = -236 + -4. Let r = -191 - f. Calculate the highest common divisor of 1225 and r.
49
Let w(o) = 2*o - 4. Let k be w(7). Let f(n) = -233*n - 200*n - n**3 - 14 + 684*n + 7*n**2 - 218*n. Let j be f(k). What is the highest common factor of j and 40?
8
Let d(g) = 92*g - 154. Let x be d(2). What is the highest common factor of x and 30?
30
Suppose 3*c + 559 = -4*z + 2884, 5*c - 3875 = -4*z. Calculate the highest common factor of 62 and c.
31
Let v be (18 - 21)*(58/(-6) - 2). Suppose 944 = -27*f + v*f. Suppose 184 + 111 = 5*m. Calculate the highest common factor of f and m.
59
Suppose -2184 = -4*t - 3*k, 0 = -2*k - 2*k. What is the highest common divisor of t and 1248?
78
Suppose 0 = -5*s + 236 + 284. Let x(t) = 2*t + 6. Let i be x(11). Suppose b - c - 4 = 0, 3*c - i = -b - b. Calculate the highest common factor of b and s.
8
Suppose 59*h = 58*h + 18. Let c = h + -15. What is the highest common divisor of c and 57?
3
Let b(z) = -z**3 + 6*z**2 + 23*z - 136. Let p be b(6). Let w = 105 + -45. Suppose -4*j + w = p*j. What is the greatest common factor of 25 and j?
5
Suppose 70*d = 8*d - 50*d + 20384. Calculate the highest common divisor of 105 and d.
7
Let s be (-3 - (255/10)/17)*-10. What is the highest common factor of 837 and s?
9
Suppose -25*r + 109 + 135 = -106. Calculate the greatest common factor of r and 798.
14
Suppose -5*l - 5 = 0, s + s - 5*l = 15. Suppose -13 = -s*d + 77. What is the greatest common divisor of 360 and d?
18
Let j = 201 - 199. Suppose 3*p - 64 = -w, -w = -p + 22 - j. What is the greatest common divisor of p and 105?
21
Suppose 1100 = 5*u + 5*h, 44*u + 658 = 47*u + 2*h. Let i = 202 + u. Calculate the greatest common factor of i and 105.
105
Suppose 1263 = -2*x + t, 4*t = 9*x - 11*x - 1278. Let n = x + 933. What is the greatest common divisor of n and 48?
12
Let s = -1297 + 1370. Calculate the greatest common divisor of s and 73.
73
Let p(s) = 3*s + 0*s - 2*s**2 + 3*s**2 + 7. Let c be p(-2). Suppose -332 = -c*x - 12. Calculate the greatest common factor of 160 and x.
32
Suppose w + w = 4. Let d be 8 - (-13)/((-52)/24). Suppose w*a - 4*n = -2*a + 204, -5*a = -d*n - 252. What is the greatest common divisor of 100 and a?
50
Let u(z) = 74*z - 2. Suppose 5*k = 4 + 1. Let y be u(k). Calculate the highest common factor of y and 90.
18
Suppose 321 = 9*i + 1005. Let p be 8/i + 248328/342. Calculate the highest common factor of 132 and p.
66
Suppose -93*n + 3*n + 2250 = 0. Suppose 0 = 2*w + 6, -5*u + 3*u + 5*w = -35. What is the greatest common factor of u and n?
5
Let g(n) = 9*n**2 + 27*n + 21. Let v be g(-6). Let h = -197 + 319. Calculate the greatest common divisor of h and v.
61
Let k(z) = -z**2 + 12*z + 120. Let h be k(-6). Let c(v) = 3*v**2 + 16*v - 72. Let m be c(h). Calculate the greatest common divisor of m and 24.
24
Let y = -80 + 110. Let z be (-314)/(-12) + (-2)/12. Let p = -14 + z. What is the highest common factor of y and p?
6
Let r be (-39)/(-2*(-8)/(-48)). Let y be -2*((-13)/(-2))/(-1). Calculate the highest common factor of y and r.
13
Suppose 31*h + 177*h = 27*h + 6154. Calculate the highest common factor of 2958 and h.
34
Let j(o) = 7*o**2 - o + 1. Let m be j(-1). Suppose 5*d + 7*q - m*q = 1051, 0 = -5*q - 15. Calculate the highest common divisor of d and 19.
19
Let j(z) = -z**3 - 2*z**2 + 13*z + 40. Let n be j(-3). Calculate the highest common factor of 2615 and n.
5
Let k(g) = -55*g + 213. Let f be k(3). What is the highest common divisor of 264 and f?
24
Suppose -3*m - 45 = -5*u, -4*m - u - 43 = -2*u. Let d = 100 + -86. Let i = d + m. Calculate the greatest common divisor of i and 8.
4
Let x = -5929 - -6124. Calculate the greatest common divisor of x and 234.
39
Suppose 20 = 5*u + 5*r, 2*r = 4*u - 2*r - 24. Suppose -4*k + u*s - 86 + 426 = 0, 0 